tive of o**4/4 - 7*o**3/3 - o**2/2 - 9*o - 23752. Let i be 4*(0 - 2/(-1)). Determine c(i).
47
Let o = 60 + -45. Suppose 8*a - o*a = 700. Let l = 100 + a. Let r(f) = f**3 - f**2 + f + 16. What is r(l)?
16
Let l be (3 - 1)/(9/(-12) - -1). Let r(z) = 4*z**2 - 29*z - 20. Let y be r(l). Let x(c) = -c**3 + 4*c**2 + 3*c - 6. Calculate x(y).
6
Let z(m) = -8*m**3 + 12*m + 1. Let w(i) be the first derivative of 11*i**4/4 - 17*i**2/2 - i + 184. Let s(v) = -5*w(v) - 7*z(v). Determine s(0).
-2
Suppose -191 + 53 = 4*m + 2*z, -4*m = -2*z + 118. Let w be 2 - 5*m/(-40). Let l(o) = -o**3 - 2*o**2 + 1. Determine l(w).
1
Let o(w) = -w - 1. Let y(c) = 1 + 3 + 7 - 5 + 4*c. Let k(r) = -2*o(r) - y(r). Give k(5).
-14
Suppose -8*h = -11*h + 15, -3*h = -3*m - 12. Let v(b) be the third derivative of -2*b**5/15 + b**4/12 - b**3/3 + 7*b**2. What is v(m)?
-8
Let d(l) = -23*l - 1. Let b(y) = -11*y**2 - 117*y - 3. Let c(r) = b(r) - 5*d(r). What is c(1)?
-11
Suppose -34 = -6*p + 40*p. Let k(a) = -157*a**2 - 3*a. Determine k(p).
-154
Suppose 2*p = 4*x - 0 + 8, -p - 4*x = 14. Let i be 2 + (-1 + p - 50). Let o = i + 53. Let h(j) = -j - 1. Determine h(o).
-3
Let m(j) = 22*j**3 - 7*j**2 + 18*j - 2. Let w(k) = 19*k**3 - 7*k**2 + 17*k - 2. Let v(i) = 6*m(i) - 7*w(i). Give v(5).
-3
Let x = -13 + 9. Let m(p) = 5*p + 2559 - 1299 - 1257. What is m(x)?
-17
Suppose 19630*c + 1154 = 20207*c. Let t(i) = -7*i - 1. Let j(b) = 6*b + 1. Let y(v) = -6*j(v) - 5*t(v). Calculate y(c).
-3
Let s be 4/8 - 38/4. Let d(l) = -11*l - 95. Let o be d(s). Let q(g) = -3*g - 2. Calculate q(o).
-14
Let m(u) = u**3 + 35*u**2 + 87*u + 21. Let p be m(-33). Let o = p - -678. Let i(x) = -3*x - 12. Give i(o).
-30
Let a(u) = -u**2 + 55*u - 250. Let n be a(5). Let k(z) = z**3 + z**2 - 30. What is k(n)?
-30
Suppose -l = -5*l + 16. Let q(p) = -p**2 + 11*p - 26. Let d be q(6). Let a(g) = 4*g**2 - 49*g**3 - 3 + 27*g**3 + 21*g**3 + d*g - 2*g. Calculate a(l).
5
Let n(p) = -3*p - 2*p + 4 + 24 - 41 + 9. What is n(1)?
-9
Let g(f) = -f**2 - 32*f + 21. Suppose 0 = 228*l - 395*l - 5177. Calculate g(l).
52
Let c(z) be the second derivative of -z**4/24 - 7*z**3/6 - 18*z**2 + 34*z. Let t(h) be the first derivative of c(h). Let q = -1 - 2. What is t(q)?
-4
Let g(s) = s**3 - 5*s**2 - s - 4. Let j be -5 + 3 - 58/1. Let v be (-24)/j - (-76)/10. Suppose -2*f + m = -3*m + 6, -2*m = -v. Determine g(f).
-9
Let y(r) = 25*r + 25. Let g(k) = -k - 1. Let b(s) = -20*g(s) - y(s). Let c = -21 - -19. Let l be b(c). Let q(w) = 5*w - 7. Calculate q(l).
18
Let m = -2247 + 2250. Let o(y) = -4*y**3 + 2*y + 1. Let g be o(-1). Let d(p) = -g*p + 2*p + 2 - p**2 + p. Calculate d(m).
-7
Let c(f) = -5*f - 1. Suppose 83 - 292 = -d - 2*n, 0 = 3*d + 4*n - 633. Let s = -212 + d. Calculate c(s).
-16
Let h(t) = 2*t**2 + 14*t - 68. Let b be h(-11). Let z(k) = 9*k + 8*k - k**2 - 53 + 5*k + 9. Calculate z(b).
-4
Suppose 4*s + f - 20 = 3*f, -2*f + 12 = 4*s. Let l be (-20)/4 + -4 + s. Let h(o) be the second derivative of o**4/12 + o**3/2 - 7*o**2/2 - 13*o. Give h(l).
3
Let w(z) = -z + 1. Let u(o) be the first derivative of -o**2/2 + 5*o - 48. Let r(l) = -2*u(l) + 4*w(l). Determine r(-7).
8
Let z(u) be the first derivative of 2/3*u**3 + 2*u - 3/2*u**4 + 135 + 1/2*u**2. Give z(2).
-36
Let t(o) = 42*o**2 - 7*o - 79. Let n(a) = -59*a**2 + 10*a + 118. Let q(i) = 5*n(i) + 7*t(i). Calculate q(0).
37
Let u(c) = 2*c**3 + 52*c**2 + 268*c + 36. Let n be u(-19). Let a(i) = i**3 - 8*i - 6. Give a(n).
2
Suppose -3*k = -2*s + 77, 154 = 3*s + 5*k + 29. Let p(g) = g - 37. Calculate p(s).
3
Let i be ((-28820)/(-264))/(-131)*6. Let y(b) = 2*b + 7. Let z(k) = 1. Let j(f) = y(f) + 4*z(f). Calculate j(i).
1
Let x(j) = 2*j + 18. Let c(p) = p**2 + 14*p - 21. Let y(o) = c(o) - x(o). Determine y(-13).
-26
Suppose 3 = -d - 3*q, 3*d + 2*q = 6*q - 9. Let g be (-150)/(-20)*1*4/d. Let v = g + 20. Let o(y) = -y + 4. Calculate o(v).
-6
Let q(y) be the second derivative of -1/2*y**2 + 1/6*y**3 + 12*y + 0. What is q(0)?
-1
Let r(c) = -2*c**2. Let y(i) = i**3 + 7*i**2 + i + 11. Let v be y(-7). Let n be ((v - 5)*1)/1. Give r(n).
-2
Let o(g) = -5*g + 1295. Let r(n) = -2*n + 453. Let v(h) = 6*o(h) - 17*r(h). What is v(-16)?
5
Let o(b) = -b**2 + b - 1. Let y be (3 - (4 + -2))*0. Suppose -1 - 6 = -t - 4*u, -2*t - u + 28 = y. Let p be (t/10)/((-2)/(-4)). Give o(p).
-7
Let q(a) be the third derivative of -7*a**4/24 - 12*a**3 + 159*a**2 + a. Determine q(-10).
-2
Let j(s) = 336*s**2 - s - 13. Let q be j(-6). Let m(h) = 0*h + q + 4*h - 12100. Give m(3).
1
Let q(x) be the second derivative of x**4/6 + 5*x**3/3 - 3*x**2 + x - 60. Determine q(-5).
-6
Let w(o) = 8*o + 14*o + 8*o + 5 + o - 35*o. Calculate w(9).
-31
Let p be (-2)/9 - (-2)/9. Suppose x - 2 = -p. Let k(r) = 2 - 1 + 0*r + 0*r + 40*r**2 - 41*r**2. Calculate k(x).
-3
Let u(k) = -1. Let a(s) = 1 - 7 + 220*s - 216*s. Let x(g) = -a(g) + 12*u(g). Calculate x(-5).
14
Let d(r) be the second derivative of -r**6/120 + 7*r**5/60 + r**4/2 - 11*r**3/6 - 55*r**2 + r + 42. Let w(q) be the first derivative of d(q). Determine w(8).
21
Suppose 6*z = 3*z + 33. Let b(q) = 4*q + 1. Calculate b(z).
45
Let k(u) be the second derivative of -u**5/20 + 19*u**4/12 - 11*u**3/3 + 35*u**2/2 - 6346*u. Give k(18).
-37
Let j(n) = -2*n**2 + 21*n + 23. Let k be (-4)/(-3*(-6)/(-9)). Suppose -d - 8 = -k*d. Let t(p) = -p**2 + 14*p + 15. Let s(z) = d*t(z) - 5*j(z). Give s(-4).
9
Let o(n) = 13*n - 5. Let t(p) be the first derivative of 4*p**2 - 2031*p - p**2 + 2029*p - 49. Let g(l) = -2*o(l) + 5*t(l). Calculate g(5).
20
Let z(h) = -3*h**2 + 26*h + 8. Let u be (5/((-85)/(-51)))/(3 - 24/9). Calculate z(u).
-1
Let v(y) = -y**2 - 4*y + 19. Let r(h) = h**2 - 163*h + 4185. Let g be r(131). Determine v(g).
-2
Let n(u) be the second derivative of -u**4/12 - 2*u**3/3 + u**2/2 - 2*u + 138. Suppose -j = 2*i + 11, -3*j + 0 - 25 = 4*i. Calculate n(j).
4
Let f = -143 + 148. Suppose 51 - 27 = 4*n. Let l(j) = -7*j + 8*j - 2*j - n + 2*j. Determine l(f).
-1
Let h(j) be the third derivative of -7*j**4/24 + j**3/2 + 886*j**2. Suppose 7 = v - f, -4*f + 2*f + 21 = 5*v. Determine h(v).
-32
Let w(k) = 6*k**2 + 40*k + 7. Let u = -16270 - -16264. Determine w(u).
-17
Let m(d) = 10*d**2 + 2*d + 19. Let o = 21727 + -21730. Calculate m(o).
103
Let b(f) be the second derivative of -f**4/12 - 8*f**3/3 + 2*f**2 - 771*f. Calculate b(-10).
64
Suppose -1163*b + 1161*b = -4 + 14. Let a(d) = -d**2 - 2*d + 1 + 1 + 2 - 2. Give a(b).
-13
Let h(q) = 221*q - 11708. Let v be h(53). Let d(i) = i**2 + i**3 - 4 - 2*i**3 + 4*i**2. Give d(v).
-4
Let a(d) be the first derivative of 5*d - 5/3*d**3 + 115 + 1/4*d**4 + 5/2*d**2. Give a(5).
30
Let b(t) = -9*t - 1. Let m(j) = 65*j - 26. Let a(k) = 6*b(k) + m(k). What is a(2)?
-10
Let r(b) = -b**2 + 2*b - 6. Let w(z) = -2*z**3 - 15*z**2 - 17*z + 11. Let h be w(-6). Calculate r(h).
-21
Let o(g) = 5*g**2 + g. Let x = 83 + -83. Suppose k + 4*u = -x*u - 15, 17 = k - 4*u. Suppose -3*j + 2*z = -3*z + 3, -j - k = 5*z. Determine o(j).
4
Let w(n) = -1. Suppose -h - 1 = 4, -2*o + 24 = -4*h. Let y(u) = -u**2 + u. Let x(v) = o*y(v) - 3*w(v). What is x(3)?
-9
Let t(q) = -10*q - 2. Let w(y) = y + 1. Let a(d) = t(d) + 5*w(d). Let i(j) = 3*j - 55. Let o = -73 - -92. Let n be i(o). Determine a(n).
-7
Let c(m) = 2*m + 3. Suppose 0 = -4*f + 2*f - 2*f. Let x be (1 + 43/(-3) + f)*3. Let p = -44 - x. Determine c(p).
-5
Let c(l) = -l**3 + 2*l**2 + 3*l - 4. Let w = -83 + 85. Let s(n) = n**3 - 12*n**2 - 17*n + 22. Let m be s(13). Let o be (m/20)/((-3)/w + 1). What is c(o)?
-4
Let p(t) = -2*t - 1. Let m be p(-2). Let n(i) = -7*i - i**3 - 190*i**2 + 4*i - 184*i**2 + i - 2 + 377*i**2. What is n(m)?
-8
Let s be (2829/36)/(-23)*2 - -7. Let o(w) be the third derivative of 0*w - s*w**3 + 0 + 1/30*w**5 - 10*w**2 - 1/24*w**4. Determine o(-2).
9
Let a = -1119 - -1128. Let b(v) = -v**3 + 9*v**2 - 5*v + 19. Calculate b(a).
-26
Let g(w) be the first derivative of 1/2*w**2 + 30 + 13*w. Let o be 1/(2/(-4))*3. What is g(o)?
7
Let c(h) = 2*h**3 - 2*h**2 + 2*h + 17. Let q be c(5). Let i = -237 + q. Let x(v) = -3*v - 24. What is x(i)?
6
Let z(a) = a**3 - 8*a**2 + 4*a - 2. Suppose -4*c = 38*l - 40*l + 32, 4*c = -4*l + 4. Determine z(l).
-50
Let x = 5 + -11. Let c be -1 - x - 8/2. Let o(s) = s**2 - 1. Let p(y) = -8*y + 8. Let t(g) = c*o(g) + p(g